{"id":395,"date":"2015-03-02T18:06:04","date_gmt":"2015-03-02T18:06:04","guid":{"rendered":"http:\/\/waterskiparadise.eu\/?page_id=395"},"modified":"2023-03-11T11:06:26","modified_gmt":"2023-03-11T11:06:26","slug":"comment-ca-marche","status":"publish","type":"page","link":"https:\/\/waterskiparadise.eu\/?page_id=395","title":{"rendered":"Comment \u00e7a marche?"},"content":{"rendered":"<ul>\n<li>Vous envoyez un email \u00e0 <a href=\"mailto:waterskiparadise@gmail.com\">waterskiparadise@gmail.com<\/a>\u00a0ou vous appelez le 0473\/326005, en pr\u00e9cisant <strong>ce que vous souhaitez ainsi que votre niveau de ski, poids en kilos, taille en cm. Pour les gilets, tour de poitrine et tour de hanche, en cm.<\/strong><\/li>\n<li>waterski paradise vous envois en retour un email avec un fichier excell, mentionnant le prix des produits, \u00e0 compl\u00e9ter.<\/li>\n<li>Tous les prix sont en euros TVA comprise.<\/li>\n<li>Les prix peuvent \u00eatre chang\u00e9s en fonction de l\u2019\u00e9volution du march\u00e9.<\/li>\n<li><strong>La livraison est gratuite pour toute commande au dessus de 300 euros.<\/strong><br \/>\n<strong> En dessous de 300 euros, 15 euros de frais de port additionnel seront port\u00e9s \u00e0 v\u00f4tre commande.<\/strong><\/li>\n<li>Vous remplissez et renvoyez la feuille excell re\u00e7ue par email en attachment \u00e0 waterskiparadise@gmail.com, avec v\u00f4tre nom, pr\u00e9nom, adresse email de contact, adresse de r\u00e9ception et surtout le nombre de produits d\u00e9sir\u00e9s en compl\u00e9tant les cellules vides blanches (*).<\/li>\n<li>D\u00e8s r\u00e9ception de votre email, vous recevez un email de confirmation avec un num\u00e9ro de compte bancaire et le montant de vos achats pour proc\u00e9der au paiement des produits command\u00e9s, en indiquant en communication la nature des produits command\u00e9s.<br \/>\nCompte Waterski paradise : <strong>IBAN BE 07 7320 2732 6466, BIC CREGBEBB<\/strong>,<\/li>\n<li>Toutes les commandes sont pr\u00e9pay\u00e9es avant l\u2019envoi.<\/li>\n<li>D\u00e8s notification du paiement de v\u00f4tre part (si vous voulez gagner du temps en scannant la preuve de paiement) envoi du ou des produits en maximum 8 jours (15 jours pour les skis SP), \u00e0 l\u2019endroit de livraison de v\u00f4tre choix.<\/li>\n<li>Livraisons par Bpost et DPD pour les skis, et Kiala pour les produits de faible taille.<\/li>\n<\/ul>\n<p><strong> English version<\/strong><\/p>\n<ul>\n<li>Send a email to waterskiparadise@gmail.com or call 0473\/326005, with the notification of what you need, your ski level, height in cm, weight in kilos, chest size and waist size for vests.<\/li>\n<li>waterski paradise, send you an email back with an excell sheet to fill, with the number of your products in the white cells, your name, surname, delivery place. Fields with a star (*) are mandatory.<\/li>\n<li>All retail pricing are in euro, including VAT.<\/li>\n<li>All prices can be changed without prior notice.<\/li>\n<li><strong>Free delivery on orders over 300 euros. Orders under 300 euros, we charge 15 euros, for order cost.<\/strong><\/li>\n<li>You wire 100% of the amount of your order on the bank account of waterski paradise asbl IBAN BE 07 7320 2732 6466, BIC CREGBEBB, with the details of your order in comment.<\/li>\n<li>As soon as we have the notification of payement, by an email with the scan of your payment or on the bank account, we ship your product in maximum 8 days (15 days for SP skis) to the place of your choise.<\/li>\n<li>Delivery by Bpost and DPD for skis, and Kiala for small products.<\/li>\n<\/ul>\n","protected":false},"excerpt":{"rendered":"<p>Vous envoyez un email \u00e0 waterskiparadise@gmail.com\u00a0ou vous appelez le 0473\/326005, en pr\u00e9cisant ce que vous souhaitez ainsi que votre niveau de ski, poids en kilos, taille en cm. Pour les gilets, tour de poitrine et tour de hanche, en cm. waterski paradise vous envois en retour un email avec un fichier excell, mentionnant le prix des produits, \u00e0 compl\u00e9ter. Tous les prix sont en euros TVA comprise. Les prix peuvent \u00eatre chang\u00e9s en fonction de l\u2019\u00e9volution du march\u00e9. La livraison est gratuite pour toute commande au dessus de 300 euros. En dessous de 300 euros, 15 euros de frais de port additionnel seront port\u00e9s \u00e0 v\u00f4tre commande. Vous remplissez et renvoyez la feuille excell re\u00e7ue par email en attachment \u00e0 waterskiparadise@gmail.com, avec v\u00f4tre nom, pr\u00e9nom, adresse email de contact, adresse de r\u00e9ception et surtout le nombre de produits d\u00e9sir\u00e9s en compl\u00e9tant les cellules vides blanches (*). D\u00e8s r\u00e9ception de votre email, vous recevez un email de confirmation avec un num\u00e9ro de compte bancaire et le montant de vos achats pour proc\u00e9der au paiement des produits command\u00e9s, en indiquant en communication la nature des produits command\u00e9s. Compte Waterski paradise : IBAN BE 07 7320 2732 6466, BIC CREGBEBB, Toutes les commandes sont pr\u00e9pay\u00e9es avant l\u2019envoi. D\u00e8s notification du paiement de v\u00f4tre part (si vous voulez gagner du temps en scannant la preuve de paiement) envoi du ou des produits en maximum 8 jours (15 jours pour les skis SP), \u00e0 l\u2019endroit de livraison de v\u00f4tre choix. Livraisons par Bpost et DPD pour les skis, et Kiala pour les produits de faible taille. English version Send a email to waterskiparadise@gmail.com or call 0473\/326005, with the notification of what you need, your ski level, height in cm, weight in kilos, chest size and waist size for vests. waterski paradise, send you an email back with an excell sheet to fill, with the number of your products in the white cells, your name, surname, delivery place. Fields with a star (*) are mandatory. All retail pricing are in euro, including VAT. All prices can be changed without prior notice. Free delivery on orders over 300 euros. Orders under 300 euros, we charge 15 euros, for order cost. You wire 100% of the amount of your order on the bank account of waterski paradise asbl IBAN BE 07 7320 2732 6466, BIC CREGBEBB, with the details of your order in comment. As soon as we have the notification of payement, by an email with the scan of your payment or on the bank account, we ship your product in maximum 8 days (15 days for SP skis) to the place of your choise. Delivery by Bpost and DPD for skis, and Kiala for small products.<\/p>\n","protected":false},"author":1,"featured_media":0,"parent":417,"menu_order":0,"comment_status":"closed","ping_status":"closed","template":"","meta":{"footnotes":""},"class_list":["post-395","page","type-page","status-publish","hentry"],"_links":{"self":[{"href":"https:\/\/waterskiparadise.eu\/index.php?rest_route=\/wp\/v2\/pages\/395","targetHints":{"allow":["GET"]}}],"collection":[{"href":"https:\/\/waterskiparadise.eu\/index.php?rest_route=\/wp\/v2\/pages"}],"about":[{"href":"https:\/\/waterskiparadise.eu\/index.php?rest_route=\/wp\/v2\/types\/page"}],"author":[{"embeddable":true,"href":"https:\/\/waterskiparadise.eu\/index.php?rest_route=\/wp\/v2\/users\/1"}],"replies":[{"embeddable":true,"href":"https:\/\/waterskiparadise.eu\/index.php?rest_route=%2Fwp%2Fv2%2Fcomments&post=395"}],"version-history":[{"count":16,"href":"https:\/\/waterskiparadise.eu\/index.php?rest_route=\/wp\/v2\/pages\/395\/revisions"}],"predecessor-version":[{"id":2972,"href":"https:\/\/waterskiparadise.eu\/index.php?rest_route=\/wp\/v2\/pages\/395\/revisions\/2972"}],"up":[{"embeddable":true,"href":"https:\/\/waterskiparadise.eu\/index.php?rest_route=\/wp\/v2\/pages\/417"}],"wp:attachment":[{"href":"https:\/\/waterskiparadise.eu\/index.php?rest_route=%2Fwp%2Fv2%2Fmedia&parent=395"}],"curies":[{"name":"wp","href":"https:\/\/api.w.org\/{rel}","templated":true}]}}